 of 231 and v?
21
Let x = 120 + -119. What is the greatest common factor of x and 7?
1
Let y(l) = -10*l - 2. Let c be y(-2). Let g = 5 - 3. Suppose 2*m - c = g. What is the greatest common divisor of 25 and m?
5
Suppose 4*t + 4*q - 6*q - 38 = 0, -4*t - 3*q + 33 = 0. Let o(r) = 17*r**2 + 3*r - 2. Let s be o(2). What is the greatest common divisor of t and s?
9
Let d(z) = 23*z**3 - 4*z**2 + z + 2. Let g be d(2). Let i = 7 + -5. Suppose u - 42 = i*t - g, u = -5*t + 318. Calculate the greatest common factor of 16 and t.
16
Let z(k) = k - 3. Let v be z(5). Suppose -3*x + 2*o - 6 = 0, 0 = -3*x - x - o - 8. Let a = 16 + x. What is the greatest common divisor of a and v?
2
Let p = -51 + 53. Calculate the greatest common factor of p and 8.
2
Let q = 20 + -12. Calculate the greatest common factor of 8 and q.
8
Let q(n) = -7*n - 3. Let h(w) = -14*w - 6. Let x(u) = -3*h(u) + 5*q(u). Let g be x(2). Calculate the highest common factor of g and 136.
17
Let d(k) = -1 + 9 - 4 + 4*k + k**2. Let y be d(-5). What is the greatest common divisor of 45 and y?
9
Let a = 131 + -91. Calculate the highest common divisor of 5 and a.
5
Let n be 3/((-21)/(-12) - 1). Suppose n*r - 22 = 4*i + 42, -60 = 4*i - 3*r. Let x be 10/3*i/(-10). Calculate the greatest common factor of x and 10.
2
Let y = 46 - -55. Suppose 2*m + 3*i = 191, 0 = 2*m - 4*i - y - 111. What is the greatest common divisor of m and 20?
20
Let g(d) = d**3 - 8*d**2 - 6*d + 7. Let u be g(9). Calculate the greatest common divisor of u and 2.
2
Let h = 71 - 43. What is the highest common divisor of h and 4?
4
Let r(b) = -24*b**3 + b**2 + b + 1. Let a be r(-1). What is the greatest common factor of 5 and a?
5
Suppose -4*d + 8 = -52. Let y = d - -4. Calculate the highest common factor of y and 19.
19
Let i(n) = 23*n - 1. Let d be i(2). What is the greatest common factor of 30 and d?
15
Let n = 25 + -25. Suppose -14*v + 13*v + 135 = n. Calculate the highest common divisor of v and 15.
15
Let n = 8 - 8. Suppose n*b + 5*b - 135 = 0. What is the highest common factor of 18 and b?
9
Let q = 275 + -192. Suppose 106 = 5*w + 3*i, -3*w + 5*i + 34 = -50. Let u = q - w. What is the highest common divisor of 12 and u?
12
Let d be -1*(3 + -2) + 5. Let g(b) = 4*b. Let p be g(1). What is the greatest common factor of p and d?
4
Let t be 308/9 + 10/(-45). Calculate the greatest common factor of t and 51.
17
Let a be (-7)/(-2) - (-3)/(-6). Suppose 2*m = -g + 101, 3*g - 6*m = -a*m + 294. What is the highest common factor of 11 and g?
11
Suppose 0*j - 3*l - 111 = -3*j, -j + 41 = -5*l. Calculate the greatest common divisor of j and 4.
4
Let a be (-2)/(-4)*112/(4 + -2). What is the highest common factor of 42 and a?
14
Suppose 11*k - 14*k = -60. Calculate the highest common divisor of k and 140.
20
Let x = 6 + -3. Let t = x - 1. Let z(j) = -j**2 - 8*j - 5. Let a be z(-5). What is the greatest common divisor of a and t?
2
Suppose 3*c - 5*c = 0. Suppose 0 = -u - c + 6. Calculate the greatest common divisor of 6 and u.
6
Suppose r + 22 = 24. Calculate the greatest common divisor of r and 16.
2
Let b = 1 + 31. What is the highest common factor of b and 8?
8
Let s be 8/(-10)*(8 - 3). Let y be 6 + 1 - (6 + s). Calculate the greatest common divisor of y and 40.
5
Let m = 0 - -4. Suppose -252 = 3*x - m*x. Let z be ((-1)/2)/((-2)/x). Calculate the highest common factor of 9 and z.
9
Let b(z) = z**3 - z**2 - z. Let v be b(-1). Suppose 2*a = k + 44, 0*a + 71 = 3*a - 4*k. Let n be a/2 + v/(-2). What is the highest common divisor of n and 77?
11
Let j(y) be the third derivative of y**5/30 + y**4/12 - 3*y**2. Let x be j(-2). What is the greatest common divisor of 20 and x?
4
Suppose 3*o + 5*c = 11, 0 = -o - 3*o - 4*c + 28. Let h be ((-14)/2)/((-4)/(-16)). Let q be (46 + -1)*h/(-21). Calculate the greatest common divisor of o and q.
12
Let n(z) = z**2 + 3*z. Let l be n(-3). Suppose l = y + 2 - 4. Suppose 3*u = -y*u + 495. Calculate the highest common factor of u and 11.
11
Suppose -4*a = -17 - 11. Let f = a - 0. Let n be (-2)/1 + f - 2. What is the greatest common divisor of n and 9?
3
Let l(k) = -k**2 + 13*k + 50. Let f be l(16). Let m = -9 + 19. What is the greatest common factor of m and f?
2
Let i = -10 + 16. Suppose 2 - i = -f. Suppose f*m - 2*h = 18, 3*m - 2 - 4 = -h. What is the highest common divisor of 24 and m?
3
Let f be 12/(-9)*(-21)/2. Suppose 3*x = 6*x - 210. What is the greatest common divisor of x and f?
14
Let q be 9/4*(-3 + 19). What is the greatest common divisor of q and 4?
4
Let x = 13 - 18. Let t = x - -8. What is the highest common factor of t and 9?
3
Let j be (-32)/3*(-3)/2. Let x be 5/3 + 1/3. Let s be ((-12)/14)/(x/(-112)). Calculate the highest common divisor of s and j.
16
Suppose 2*b + 18 = 4*t, 3*t + 5*b = -5 + 12. Let y = 6 - t. Let n be (5/15)/(y/18). What is the greatest common divisor of 2 and n?
1
Suppose u - 68 = -q - 2*q, -4*q - 2*u + 94 = 0. Suppose 2*o + 9 = q. Let j = 23 - 5. What is the highest common divisor of o and j?
6
Suppose 0 = 4*o - 4*d - 4 - 0, 0 = 2*o - 4*d - 4. Suppose o = 4*j - 6 - 2. What is the highest common divisor of 18 and j?
2
Let o(c) = 14*c**2 + c + 1. Let k be o(-1). Suppose 2*v = -5*a + 47, 4*v + 0*a = -3*a + 87. What is the greatest common factor of k and v?
7
Let h(j) = j**2 + 5*j - 2. Let n(t) = t + 10. Let m be n(-16). Let p be h(m). Calculate the greatest common divisor of p and 16.
4
Let u = -3 + 5. Let n(l) = l**2 - 3*l - 8. Let y(t) = -t**3 + 4*t**2 - 3. Let f be y(3). Let b be n(f). What is the greatest common factor of u and b?
2
Let i = -46 - -53. What is the greatest common divisor of 7 and i?
7
Let k be 0/(3 - (-2)/(-2)). Suppose 2*w - 23 + 7 = k. What is the highest common divisor of w and 88?
8
Let h(a) be the first derivative of a**4/4 + 8*a**3/3 + 4*a**2 - a + 2. Let k be h(-6). What is the greatest common factor of k and 92?
23
Let v = 20 - -8. Calculate the greatest common factor of 2 and v.
2
Let k be (1 + 1)*(-1 + 3). Let v be (0 + -1 - 26)*-1. Suppose k*s - s = v. Calculate the greatest common divisor of s and 1.
1
Suppose 2*c + 5*k = -496, -5*c - 772 = 2*k + 447. Let v be 1/((-12)/c)*4. Calculate the highest common divisor of 54 and v.
27
Suppose -2*h + 3*h = -4*i + 21, 0 = 3*h + i - 30. What is the greatest common factor of 18 and h?
9
Let m be (2 - (4 + -1))*-10. Calculate the highest common divisor of 80 and m.
10
Suppose 0 = -15*s + 13*s + 6. Suppose -s*f + 60 = i, 123 = 4*i + 2*f - 97. Calculate the highest common factor of 6 and i.
6
Suppose -b + 0*b = 0. Suppose -3*t = -b*t - 108. Suppose 2*c = 10, -3*k - 2*c = -t + 8. Calculate the highest common divisor of 54 and k.
6
Suppose -5*z + 4*r = -2, 0 + 6 = 5*z - 2*r. Calculate the greatest common divisor of 22 and z.
2
Let y(f) = -f**2 + 7*f - 5. Let p be y(5). Suppose 0 = p*r + 2*s - 154, r - 3*s + 10 - 34 = 0. What is the greatest common factor of 15 and r?
15
Let w(a) = -2*a - 4. Let u be w(-3). Let q be 2/3*9/u. Calculate the greatest common factor of 1 and q.
1
Let j = -42 - -45. What is the highest common divisor of j and 24?
3
Suppose -i + 38 = -s - 4*i, 3*i + 152 = -4*s. Let v be s/(-2) - (-3)/(-3). What is the highest common factor of v and 27?
9
Suppose -2*j = -2*m + 22, -8 = -m - 0*m - 2*j. Suppose 4*l - 163 = -u, -6*u + 7*u + 117 = 3*l. Calculate the greatest common divisor of m and l.
10
Suppose 2*b + 5*l = 9, b + 4*b = -l + 11. Let f be 575/35 - (-15)/(-35). Calculate the highest common divisor of b and f.
2
Let a be 7/21*-2 + (-230)/(-3). Calculate the greatest common factor of a and 8.
4
Let x = 11 - -3. What is the greatest common factor of 56 and x?
14
Suppose -4*j + 42 = -2*j. Let i(s) = s**2 - 6*s - 4. Let p be i(5). Let w(m) = -m - 6. Let f be w(p). Calculate the greatest common factor of f and j.
3
Let b(h) = 3*h - 15. Let u be b(18). Calculate the highest common factor of u and 39.
39
Let j(f) = f + 4. Let h be j(-6). Suppose 3*d - 2*d = 7. Let m = h + d. What is the highest common factor of 40 and m?
5
Suppose 0*q - 34 = -2*q. Suppose -w - 9 = 2*y, -5*w = -2*y + 2 - q. Calculate the highest common divisor of 11 and w.
1
Let l(r) = -r - 9. Let a be l(-9). Suppose a = -i + 2*f + f + 31, -203 = -5*i - f. Calculate the highest common factor of 5 and i.
5
Suppose 0*t = -12*t + 216. Calcul